 is divided by u(-10)?
3
Let x = 16 + 0. Suppose 0 = 5*i - 3*o - x, -o - 3 = -2*o. Let n = -8 - -20. What is the remainder when n is divided by i?
2
Let x be 1 - 2 - 32/(-8). Suppose 2*r = 4*a + 71 + 35, -r - 87 = x*a. Calculate the remainder when (98/a)/((-2)/40) is divided by 24.
22
Suppose 420 = -2*j + 444. Calculate the remainder when 2 + -1 - -2*17 is divided by j.
11
Let l = -56 + 178. What is the remainder when l is divided by 41?
40
Suppose 2*t + 30 = 34. Suppose 0 = 2*u - 3*r - 26, t*u + 2*u - 5*r = 50. Calculate the remainder when u is divided by 3.
1
Suppose -2*p - 3*t = 2*p - 12, 15 = 5*p - 4*t. What is the remainder when 6 - (-12)/p - 6/3 is divided by 5?
3
Let y = 52 - -18. Let v be 6*1/2 - (-5 + 2). Let i(a) = 2*a**2 - 8*a - 6. Calculate the remainder when y is divided by i(v).
16
Calculate the remainder when 102 is divided by ((-1)/2)/((-12)/1296).
48
Suppose -4*g + 8 = -100. Calculate the remainder when 510 is divided by g.
24
Suppose 4*m - 8*m + 760 = 0. What is the remainder when m is divided by 30?
10
Suppose -7*x + 2*x = -56 + 11. Let p = -11 - -7. Let i(b) = -b + 2. What is the remainder when x is divided by i(p)?
3
Let b(y) = 3*y + 133. Calculate the remainder when b(-19) is divided by 12.
4
Let s(u) = u**3 - 8*u**2 + 6*u + 10. Let t be s(7). Let q = 99 - t. Suppose 6*v - q = 4*v. Calculate the remainder when v is divided by 13.
9
Let z = -169 - -223. Calculate the remainder when z is divided by 12.
6
What is the remainder when (-4)/(-6) - (11 - (-11135)/(-51)) is divided by 18?
10
Let x(b) = b**2 + 18*b. Let i be x(-7). Let g = -55 - i. What is the remainder when 39 is divided by g?
17
Let j(r) be the second derivative of -4*r**2 + 0 + 7*r + 1/3*r**3. Calculate the remainder when j(17) is divided by 7.
5
Let i = -1602 - -1673. Calculate the remainder when 264 is divided by i.
51
Let v = -26 + 47. Calculate the remainder when 103 is divided by v.
19
Suppose x = -3, 5*h = -x - 0*x + 487. Let c = 57 + -37. What is the remainder when h is divided by c?
18
Let n(o) = 3*o**2 - 48*o + 18. Let d(s) = 3*s**2 - s + 5. Calculate the remainder when n(17) is divided by d(-3).
34
Let j(a) be the second derivative of a**4/12 + a**3 + 3*a**2 + 8*a. What is the remainder when 12 is divided by j(-6)?
0
Let f = -961 - -985. Calculate the remainder when 56 is divided by f.
8
Let p be -6*(-3 + 5/2). Suppose 0*o + 2*b - 27 = p*o, -5*b - 18 = 2*o. What is the remainder when 12 is divided by 6/o*6 + 9?
2
Suppose 0 = 6*p - p - 1465. Suppose 3*u + 2*q - p = -0*u, -3*u + 4*q = -305. What is the remainder when u is divided by 20?
19
Suppose 82 = 3*l - l. Let f = -13423 + 13432. What is the remainder when l is divided by f?
5
Let i = -1270 + 1857. What is the remainder when i is divided by 5?
2
Suppose -12*h + 510 = -2*h. Suppose 2*b - 10 = -44. Let l = b - -43. Calculate the remainder when h is divided by l.
25
Let f(b) = 349 + 0*b - 350 + b. What is the remainder when -1 + 1 - (-1 + -48) is divided by f(11)?
9
What is the remainder when 262 is divided by (67/(-2))/(5/(-10))?
61
Let n = 1567 - 1311. What is the remainder when n is divided by 89?
78
Let d = 34 - 19. What is the remainder when d is divided by 18/(-4)*(-176)/66 - 3?
6
Suppose 0 = 6*y - 12*y - 12. Let z(c) = -14*c**3 - 3*c**2 - 2*c - 2. What is the remainder when z(y) is divided by 26?
24
Let i(a) = -a**2 + 37*a - 59. Calculate the remainder when 107 is divided by i(35).
8
Let p(t) = -t**3 + 4*t**2 - 2*t - 13. Calculate the remainder when 58 is divided by p(-2).
13
Let s = 31 - 32. Let q be (s/(-7))/((-9)/(-63)). Suppose 0 = a + 1 + q, 0 = -4*l + 5*a + 62. What is the remainder when 18 is divided by l?
5
Let o(h) = -h**2 - 4*h + 16. Let j be o(-8). Let t = 0 + j. Let s = t + 24. What is the remainder when 15 is divided by s?
7
Let x(z) = 72 - 2*z - 48 - 45 + 7*z. What is the remainder when x(14) is divided by 27?
22
Let n(z) = 2*z - 42 + 85 - 42. Let g = -5 + 15. Calculate the remainder when 40 is divided by n(g).
19
Suppose 0 = z - 7 - 0. Suppose 4*f = -13 + 9. Let x(p) = 13*p**2 + 4*p + 2. Calculate the remainder when x(f) is divided by z.
4
Let m(o) = o**3 + 7*o**2 + 7*o + 6. Let a be m(-6). Suppose a = -8*z + 116 + 164. Calculate the remainder when z is divided by 19.
16
Let h(w) = w**3 + 3*w**2 - 9*w + 19. Calculate the remainder when h(4) is divided by 3.
2
Let o(n) = 17*n + 8. Let h be o(-10). Let w = -18 - h. Suppose 0 = 3*k - 6*k + w. Calculate the remainder when k is divided by 17.
14
Let v(d) = -d - 1. Let g(w) = 2*w**2 + 6*w - 9. Let p(r) = g(r) - v(r). Calculate the remainder when p(-7) is divided by 14.
13
Let s = -101 + 57. Let q = -20 - s. Suppose -3*x + 9 = -q. What is the remainder when 42 is divided by x?
9
Let l(t) = -9*t - 42. Let a be l(-5). Suppose -8 = 4*b + 5*g - 120, 5*g - 79 = -a*b. Calculate the remainder when b is divided by 12.
9
Let s(k) = 2*k + 7. What is the remainder when (6 + -7 - -4) + 29 is divided by s(5)?
15
What is the remainder when 99 is divided by ((-312)/40)/((-9)/30)?
21
Let r be 2 + 3 + (-4)/2. Suppose 0 = 2*b + r*a - 4, 0 = -2*b - 0*b - 5*a + 4. Let v(s) = 4*s - 1. What is the remainder when v(2) is divided by b?
1
Let d(o) = -8*o + 1. Let u be d(1). Suppose -4*w = -w - 51. What is the remainder when (1 - -99)*u/(-14) is divided by w?
16
Let f be 2 + -6 - 144/(-12). Suppose f = -b + 13. Suppose 4*g - 48 = -b*m + 17, 2*g = -4*m + 52. Calculate the remainder when 51 is divided by m.
12
Let z(k) = -46*k - 301. What is the remainder when 41 is divided by z(-7)?
20
Let x = 155 - 752. Let q = x - -865. Calculate the remainder when q is divided by 54.
52
Let p = -16 - -22. Suppose p*l - 60 = l. Suppose -4*w + 52 = l. What is the remainder when w is divided by 4?
2
Suppose 0 = 4*b + 13 - 21. Suppose t + 0*x = -b*x + 19, 3*x = 5*t - 95. What is the remainder when 74 is divided by t?
17
Suppose -h + 3 = -0*h. Let u(x) = x**3 - 2*x**2 + 5*x - 3. Calculate the remainder when 53 is divided by u(h).
11
Let t be 0 - (4 - (-1 + 7)). Suppose t*z - 16 = -3*j, 4*z = 3*z + 2. Calculate the remainder when 22 is divided by 5 - (j - 4 - 3).
6
Suppose 5*o - 14 = 6. Calculate the remainder when 8840/494 + 2/19 is divided by o.
2
Let c = 12 - 7. Suppose -c*d - 4*l = -158 + 1, 103 = 3*d - 2*l. What is the remainder when d is divided by 17?
16
Let l(i) = 11*i**2 - 5*i - 5. Calculate the remainder when l(-3) is divided by (-17 + 16)*4*-7.
25
Suppose 0 = -c - 2*w + 160, 4*c = -2*w + 493 + 177. What is the remainder when c is divided by 92?
78
Let c = -991 + 1010. Calculate the remainder when 3988 is divided by c.
17
What is the remainder when (-4)/(32/(-24)) + 114 + 1 is divided by 17?
16
Suppose -71*m + 10281 + 4487 = 0. What is the remainder when m is divided by 19?
18
Suppose u + a - 165 = 0, -4*u = -3*u + 5*a - 145. What is the remainder when u is divided by 57?
56
Suppose 12*i - 11 = -b + 11*i, 0 = -i + 2. What is the remainder when 377 is divided by b?
8
Suppose g + w - 3 = 1, 4*g + 5*w = 15. Let n(c) = -5*c - 48. Let k be (-5 + 3)*(-26)/(-4). What is the remainder when n(k) is divided by g?
2
Suppose -2*x + 3*r + 382 = 0, -4*x - 5*r = -9*x + 945. Let q = -57 + x. Calculate the remainder when q is divided by 13.
11
Let c = 25 - 22. Suppose c*j - l - 19 = -0*l, 0 = 3*j - 2*l - 14. Calculate the remainder when 31 is divided by j.
7
Suppose 0 = 22275*s - 22284*s + 738. Suppose -5*z + 58 = 3*q - 88, 3*q - 3*z = 114. Calculate the remainder when s is divided by q.
40
Let f = -21 + 25. Suppose f*q - 39 = -z, -3*q + 10 = 4*z - 3. Calculate the remainder when 41 is divided by q.
8
Suppose -10*c + 44 = -6. Let z be (-26)/(-7) - 4/(-14). Suppose c*s - s - 88 = -z*g, -2*s = 0. Calculate the remainder when 85 is divided by g.
19
Let d(q) = -q**3 + 4*q**2 - 4*q + 2. Let y be d(2). Suppose 0 = 4*u + 10 + y, 4*s - 35 = -3*u. What is the remainder when 32 is divided by s?
10
Let z(j) = j**2 + 12*j + 25. Let m be z(-10). Suppose -m*a - 657 = -14*a. What is the remainder when a is divided by 19?
16
Suppose 0 = k + 2, -d - 69 + 207 = 5*k. Calculate the remainder when d is divided by 47.
7
Let o(f) = f**2 + 9*f - 7. Let k be o(-6). Let x = 34 + k. What is the remainder when 33 is divided by x?
6
Let v(z) = -z - 3. Let n(t) = -t**2 + t + 5. Let y be n(0). Let k be (-10)/(-25) +